d p?
15
Let b = -20 + 58. Let h = b + -26. Calculate the highest common factor of 36 and h.
12
Let t(q) = -2*q**2 + q**2 + 1 - 2*q**2 + 10*q**2. Let n be t(-1). Calculate the highest common divisor of 12 and n.
4
Let a(q) = -3*q. Let r be a(-2). Suppose 10 = -w + r*w. Let n be 46 + (w - 6/2). Calculate the highest common divisor of 30 and n.
15
Let t(d) = -d**3 - 5*d**2 - 5*d + 2. Let b be t(-4). Calculate the greatest common divisor of 2 and b.
2
Let v(z) = z + 4. Let q be v(4). Let d = 131 + -43. Calculate the greatest common divisor of d and q.
8
Let j = -4 - -49. What is the greatest common divisor of 5 and j?
5
Let c(s) = 3*s + 0 + 2 + 5*s - 4. Let i be c(3). What is the highest common divisor of i and 242?
22
Suppose 5*i - 53 = -k, -2*i + 65 = k - 3*i. Calculate the highest common divisor of k and 7.
7
Suppose 2*b = 7*b - 4*a + 55, 13 = b + 4*a. Let q be 1/(-6) + 57/18. Let x = q - b. What is the greatest common divisor of x and 20?
10
Suppose 76*m - 72*m = 276. What is the highest common factor of 92 and m?
23
Let i be (-9)/(-4)*(-8)/3. Let h(y) = -y**3 - 7*y**2 - 6*y + 7. Let k be h(i). What is the highest common factor of k and 1?
1
Let a be 970/35 + (-6)/(-21). Calculate the greatest common divisor of 140 and a.
28
Let v(y) = 14*y**2 - 4*y + 3. Let z be v(3). Let g = 11 + -8. Let r be 13*g*(-4)/(-12). Calculate the greatest common factor of r and z.
13
Let v(n) be the third derivative of n**4/24 - n**3/6 + n**2. Let d be v(14). What is the highest common divisor of d and 52?
13
Let k(l) = -151*l**3 - l**2. Let n be k(-1). Let d = -100 + n. Calculate the greatest common divisor of d and 10.
10
Suppose -2*s - 10 = 0, y - s + 0 = 5. Let z be (y + 2)*2*3. What is the greatest common divisor of z and 48?
12
Let b = 303 + -17. Calculate the greatest common factor of b and 26.
26
Suppose v - 2*j = -2 + 16, -4*v + j + 70 = 0. Calculate the greatest common factor of 45 and v.
9
Suppose -6 = -2*u + 8. What is the highest common factor of 77 and u?
7
Let c = 223 - 124. Let u be 2*6/1 - 1. Calculate the highest common factor of c and u.
11
Let t = 11 - -5. Suppose 234 + t = 5*i. Suppose 16 = 3*k - i. What is the greatest common divisor of 55 and k?
11
Let h be (1 - 2)*(1 + -20). Let n be 3184/28 + (-2)/(-7). Calculate the highest common factor of n and h.
19
Suppose -2*p + 4*q = 24 - 140, 5*q + 169 = 3*p. What is the greatest common factor of 6 and p?
6
Let y(u) = u**2 + 3 - 2*u + 0*u + 0*u. Let h be y(-3). What is the greatest common factor of 198 and h?
18
Suppose -5*z + 2*z - 20 = -5*s, 0 = 3*s + 5*z + 22. Let n = 2 - -9. Let t = n - 10. Calculate the highest common divisor of t and s.
1
Let k be (-15)/(9/3)*(-3 - 4). Suppose -5*j + 2*t = -2*j - 34, -16 = -4*t. Calculate the greatest common factor of j and k.
7
Let f(x) = -5*x + 40. Let m be f(-6). Let z = 45 + -31. What is the highest common divisor of m and z?
14
Suppose 2*q - 5*d + 13 = 0, 0*q = q - 5*d + 14. Calculate the greatest common divisor of 11 and q.
1
Suppose 0 = -0*v + 5*v - 25. Suppose 0 = -6*k + v*k + 33. Calculate the highest common divisor of 3 and k.
3
Let j be (-240)/(-30)*(-18)/(-8). What is the highest common divisor of j and 3?
3
Let n = 7 + -5. Suppose y - 12 = -y. Suppose -w + y*w + 3*c = 363, 5*w = n*c + 358. What is the highest common divisor of w and 9?
9
Suppose 2*x + 2 - 6 = 0. Suppose 8*a + 20 = 2*m + 5*a, -4*m = x*a - 8. Suppose 9 + m = n. What is the greatest common divisor of n and 91?
13
Let k(j) = j**3 - 5*j**2 - 2*j - 8. Let w be k(6). Let n = 19 + -11. Let y = 120 - n. Calculate the greatest common divisor of y and w.
16
Let n(i) = -i**2 + 9*i + 1. Suppose -4*g + 1 + 11 = 0. Suppose g*s - 7 - 5 = 0. Let r be n(s). What is the greatest common factor of r and 231?
21
Let a(q) = 9*q - 2. Let p be a(2). What is the greatest common divisor of p and 48?
16
Let y(l) = l + 23. Let q be y(0). Calculate the greatest common factor of q and 253.
23
Let i be 21 + 1 - 6/3. Suppose -9*t = -4*t - 500. What is the greatest common factor of i and t?
20
Let z be -13 + (-9)/6*-2. Let u = -1 - z. Let a = 0 + 3. Calculate the greatest common factor of u and a.
3
Suppose -16 = -4*r - 4*r. Let f be ((-4)/(-3))/((-6)/(-9)). What is the greatest common factor of f and r?
2
Let x be (110/(-15))/((-2)/6). Let w = -5 + 71. What is the greatest common factor of w and x?
22
Let s(q) = q + 37. Let z be s(-21). Calculate the highest common factor of 12 and z.
4
Suppose 0 = -5*l + 2*l + 57. Suppose 3*d = s + 52, -s - 69 - 2 = -4*d. What is the highest common divisor of d and l?
19
Let x(o) = -5*o - 9. Let u(a) = 9*a + 17. Let z(p) = 4*u(p) + 9*x(p). Let q be z(-7). What is the greatest common factor of 10 and q?
10
Suppose -3*m - 17 = 5*c, -4*m + 0*c - 4 = 2*c. Suppose -5 - m = -2*k. Calculate the highest common divisor of k and 3.
3
Suppose 4*c + 5*q = 7, 2*q - 4 = -5*c + 9. Suppose 41 - 110 = -c*w. Calculate the highest common factor of 207 and w.
23
Suppose y - 4*y = -6. Let l be (2 + (1 - y))/1. What is the highest common factor of l and 4?
1
Let b be 5/4 + 18/24. Suppose b*x - 13 = -1. What is the greatest common divisor of x and 54?
6
Let i(u) be the first derivative of 3*u**2/2 - u - 3. Let k be i(3). What is the greatest common divisor of 8 and k?
8
Let j(i) = 133*i**2 - i - 1. Let s be j(-1). Let l = -6 + 6. Suppose h - s = -l*h. Calculate the highest common factor of h and 19.
19
Let a(h) = h**3 - 7*h**2 - 9*h + 10. Let p be a(8). Suppose -p*b + 31 + 5 = 0. What is the highest common factor of b and 54?
18
Let s(q) = q**2 + q. Let n be s(-7). Suppose -5*r - 34 = -m, -3*r - 14 = -2. Calculate the highest common factor of n and m.
14
Let a(g) = -g**2 + 48. Let k be a(0). What is the highest common divisor of 24 and k?
24
Let c be (-2)/6 - (-8)/6. Suppose -5*r = 1 - 6. What is the greatest common divisor of r and c?
1
Suppose 3*b = -3*s + 96, 4*b + 3*s - 109 - 17 = 0. Calculate the greatest common divisor of b and 120.
30
Suppose 2*r + 34 = 4*r. Suppose 2*x - t - r = 0, -2*x - 2*t - 2 + 4 = 0. What is the highest common factor of x and 66?
6
Suppose -2*l = -0*l - 8. Suppose 3*a = -3*b + 81 + 6, 4*b - a = 91. Let t be ((-8)/6)/((-1)/b). Calculate the greatest common divisor of t and l.
4
Suppose -2*m = 15 + 1. Let h be 18/(-4)*m/6. Let u(p) = 2*p + 18. Let k be u(12). Calculate the highest common divisor of h and k.
6
Let q(m) = -m**3 - 2*m**2 - m + 1. Let w be q(-1). Calculate the greatest common factor of 2 and w.
1
Let b(l) = -4*l + 3. Suppose 5*i - 8 = 3*i. Let p be b(i). Let o = p - -76. Calculate the highest common factor of o and 9.
9
Suppose -n = -3*n. Suppose 5*s - 10 = m, 4*s - 32 = -n*s - 4*m. Suppose -s*y + 168 = -129. Calculate the greatest common divisor of y and 9.
9
Suppose 4*l - 24 = -0*l. Let f = 7 - 2. Let q = l + f. Calculate the highest common factor of q and 88.
11
Let h = 70 - 62. Calculate the highest common factor of 12 and h.
4
Suppose 122 + 10 = 3*h. What is the greatest common factor of 22 and h?
22
Suppose -6*p = -2*p - 28. Let c = 10 - p. Let d(y) = -28*y**3 - 2*y**2 + 1. Let h be d(-1). What is the highest common divisor of c and h?
3
Let x be 1463/63 + (-4)/18. Calculate the highest common factor of x and 115.
23
Suppose 8*z - 78 = 138. What is the highest common divisor of z and 27?
27
Let a = 4 - 4. Let z be (-7 + a)/(2/(-2)). Calculate the highest common factor of z and 49.
7
Let a be 19*(3 - 2) - 3. What is the highest common factor of a and 48?
16
Let w = 2 - -3. Let y = -1 + w. Let q be 22 - (-1 + -1 + 4). What is the highest common factor of y and q?
4
Let f(h) = -h**3 - 15*h**2 + 16*h - 12. Let m be f(-12). Let s be (-6)/(-9) + m/(-18). What is the highest common factor of 12 and s?
12
Let k = 71 + -36. Let u = -20 - -34. What is the greatest common factor of u and k?
7
Suppose 0 = 4*i - 5*j - 240, -150 = 5*i - 5*j - 450. What is the greatest common divisor of i and 6?
6
Let b be 12/5 - 2/5. Suppose -25 - 63 = -4*d. Calculate the greatest common divisor of b and d.
2
Suppose v = -v - 6. Let t = -1 - v. Suppose -t*n = n - 99. Calculate the greatest common factor of 3 and n.
3
Let s = 126 + -87. Suppose -4*h + 4*k - 11 + 123 = 0, 4*h = -k + 102. Calculate the greatest common divisor of h and s.
13
Let z be (-2)/8 - (-441)/36. Let u be (-51 